[INFO] cloning repository https://github.com/burbokop/gradient
[INFO] running `Command { std: "git" "-c" "credential.helper=" "-c" "credential.helper=/workspace/cargo-home/bin/git-credential-null" "clone" "--bare" "https://github.com/burbokop/gradient" "/workspace/cache/git-repos/https%3A%2F%2Fgithub.com%2Fburbokop%2Fgradient", kill_on_drop: false }`
[INFO] [stderr] Cloning into bare repository '/workspace/cache/git-repos/https%3A%2F%2Fgithub.com%2Fburbokop%2Fgradient'...
[INFO] running `Command { std: "git" "rev-parse" "HEAD", kill_on_drop: false }`
[INFO] [stdout] f7226ed6e3b9be4e327de7c1a6790e71a7687bae
[INFO] checking burbokop/gradient against master#9610dfe5a9a731ced1ea4923ecbd0c57fe367898 for beta-170-4
[INFO] running `Command { std: "git" "clone" "/workspace/cache/git-repos/https%3A%2F%2Fgithub.com%2Fburbokop%2Fgradient" "/workspace/builds/worker-4-tc1/source", kill_on_drop: false }`
[INFO] [stderr] Cloning into '/workspace/builds/worker-4-tc1/source'...
[INFO] [stderr] done.
[INFO] validating manifest of git repo https://github.com/burbokop/gradient on toolchain 9610dfe5a9a731ced1ea4923ecbd0c57fe367898
[INFO] running `Command { std: CARGO_HOME="/workspace/cargo-home" RUSTUP_HOME="/workspace/rustup-home" "/workspace/cargo-home/bin/cargo" "+9610dfe5a9a731ced1ea4923ecbd0c57fe367898" "metadata" "--manifest-path" "Cargo.toml" "--no-deps", kill_on_drop: false }`
[INFO] started tweaking git repo https://github.com/burbokop/gradient
[INFO] finished tweaking git repo https://github.com/burbokop/gradient
[INFO] tweaked toml for git repo https://github.com/burbokop/gradient written to /workspace/builds/worker-4-tc1/source/Cargo.toml
[INFO] crate git repo https://github.com/burbokop/gradient already has a lockfile, it will not be regenerated
[INFO] running `Command { std: CARGO_HOME="/workspace/cargo-home" RUSTUP_HOME="/workspace/rustup-home" "/workspace/cargo-home/bin/cargo" "+9610dfe5a9a731ced1ea4923ecbd0c57fe367898" "fetch" "--manifest-path" "Cargo.toml", kill_on_drop: false }`
[INFO] [stderr]     Updating crates.io index
[INFO] [stderr]  Downloading crates ...
[INFO] [stderr]   Downloaded ffmpeg-next v5.0.3
[INFO] [stderr]   Downloaded ffmpeg-sys-next v5.0.1
[INFO] running `Command { std: "docker" "create" "-v" "/var/lib/crater-agent-workspace/builds/worker-4-tc1/target:/opt/rustwide/target:rw,Z" "-v" "/var/lib/crater-agent-workspace/builds/worker-4-tc1/source:/opt/rustwide/workdir:ro,Z" "-v" "/var/lib/crater-agent-workspace/cargo-home:/opt/rustwide/cargo-home:ro,Z" "-v" "/var/lib/crater-agent-workspace/rustup-home:/opt/rustwide/rustup-home:ro,Z" "-e" "SOURCE_DIR=/opt/rustwide/workdir" "-e" "CARGO_TARGET_DIR=/opt/rustwide/target" "-e" "CARGO_HOME=/opt/rustwide/cargo-home" "-e" "RUSTUP_HOME=/opt/rustwide/rustup-home" "-w" "/opt/rustwide/workdir" "-m" "1610612736" "--user" "0:0" "--network" "none" "ghcr.io/rust-lang/crates-build-env/linux@sha256:5ff2268d62e97bff2cde7d5815dd6ed5b47097566f13b8d0ca110b04b60e07ed" "/opt/rustwide/cargo-home/bin/cargo" "+9610dfe5a9a731ced1ea4923ecbd0c57fe367898" "metadata" "--no-deps" "--format-version=1", kill_on_drop: false }`
[INFO] [stdout] aec3a8e0cfa17008de30f089993f33fdfd120b694cc9ea81836884a0ae9ed1f0
[INFO] running `Command { std: "docker" "start" "-a" "aec3a8e0cfa17008de30f089993f33fdfd120b694cc9ea81836884a0ae9ed1f0", kill_on_drop: false }`
[INFO] running `Command { std: "docker" "inspect" "aec3a8e0cfa17008de30f089993f33fdfd120b694cc9ea81836884a0ae9ed1f0", kill_on_drop: false }`
[INFO] running `Command { std: "docker" "rm" "-f" "aec3a8e0cfa17008de30f089993f33fdfd120b694cc9ea81836884a0ae9ed1f0", kill_on_drop: false }`
[INFO] [stdout] aec3a8e0cfa17008de30f089993f33fdfd120b694cc9ea81836884a0ae9ed1f0
[INFO] running `Command { std: "docker" "create" "-v" "/var/lib/crater-agent-workspace/builds/worker-4-tc1/target:/opt/rustwide/target:rw,Z" "-v" "/var/lib/crater-agent-workspace/builds/worker-4-tc1/source:/opt/rustwide/workdir:ro,Z" "-v" "/var/lib/crater-agent-workspace/cargo-home:/opt/rustwide/cargo-home:ro,Z" "-v" "/var/lib/crater-agent-workspace/rustup-home:/opt/rustwide/rustup-home:ro,Z" "-e" "SOURCE_DIR=/opt/rustwide/workdir" "-e" "CARGO_TARGET_DIR=/opt/rustwide/target" "-e" "CARGO_INCREMENTAL=0" "-e" "RUST_BACKTRACE=full" "-e" "RUSTFLAGS=--cap-lints=forbid" "-e" "RUSTDOCFLAGS=--cap-lints=forbid" "-e" "CARGO_HOME=/opt/rustwide/cargo-home" "-e" "RUSTUP_HOME=/opt/rustwide/rustup-home" "-w" "/opt/rustwide/workdir" "-m" "1610612736" "--user" "0:0" "--network" "none" "ghcr.io/rust-lang/crates-build-env/linux@sha256:5ff2268d62e97bff2cde7d5815dd6ed5b47097566f13b8d0ca110b04b60e07ed" "/opt/rustwide/cargo-home/bin/cargo" "+9610dfe5a9a731ced1ea4923ecbd0c57fe367898" "check" "--frozen" "--all" "--all-targets" "--message-format=json", kill_on_drop: false }`
[INFO] [stdout] e1e9ac84df02de00e0602abd0afdddac56d5ef240ab9e16a1c53225f2c6e4b45
[INFO] running `Command { std: "docker" "start" "-a" "e1e9ac84df02de00e0602abd0afdddac56d5ef240ab9e16a1c53225f2c6e4b45", kill_on_drop: false }`
[INFO] [stderr]    Compiling libc v0.2.123
[INFO] [stderr]    Compiling proc-macro2 v1.0.37
[INFO] [stderr]    Compiling glob v0.3.0
[INFO] [stderr]    Compiling crossbeam-utils v0.8.8
[INFO] [stderr]    Compiling syn v1.0.91
[INFO] [stderr]    Compiling memchr v2.4.1
[INFO] [stderr]    Compiling memoffset v0.6.5
[INFO] [stderr]    Compiling num-traits v0.2.14
[INFO] [stderr]    Compiling crossbeam-epoch v0.9.8
[INFO] [stderr]    Compiling num-integer v0.1.44
[INFO] [stderr]    Compiling libloading v0.7.3
[INFO] [stderr]    Compiling bindgen v0.59.2
[INFO] [stderr]    Compiling rayon-core v1.9.2
[INFO] [stderr]    Compiling regex-syntax v0.6.25
[INFO] [stderr]    Compiling lock_api v0.4.7
[INFO] [stderr]    Compiling rustc-hash v1.1.0
[INFO] [stderr]    Compiling peeking_take_while v0.1.2
[INFO] [stderr]    Compiling shlex v1.1.0
[INFO] [stderr]    Compiling crc32fast v1.3.2
[INFO] [stderr]    Compiling lazycell v1.3.0
[INFO] [stderr]    Compiling num-bigint v0.4.3
[INFO] [stderr]    Compiling rayon v1.5.2
[INFO] [stderr]    Compiling futures-core v0.3.21
[INFO] [stderr]     Checking either v1.6.1
[INFO] [stderr]    Compiling version-compare v0.1.0
[INFO] [stderr]     Checking adler32 v1.2.0
[INFO] [stderr]     Checking miniz_oxide v0.5.1
[INFO] [stderr]    Compiling num-iter v0.1.42
[INFO] [stderr]    Compiling clang-sys v1.3.1
[INFO] [stderr]    Compiling num-rational v0.4.0
[INFO] [stderr]     Checking spin v0.9.2
[INFO] [stderr]     Checking crossbeam-channel v0.5.4
[INFO] [stderr]    Compiling sdl2-sys v0.35.2
[INFO] [stderr]     Checking deflate v1.0.0
[INFO] [stderr]     Checking futures-sink v0.3.21
[INFO] [stderr]     Checking weezl v0.1.5
[INFO] [stderr]     Checking inflate v0.4.5
[INFO] [stderr]     Checking bit_field v0.10.1
[INFO] [stderr]     Checking half v1.8.2
[INFO] [stderr]     Checking crossbeam-deque v0.8.1
[INFO] [stderr]    Compiling quote v1.0.18
[INFO] [stderr]    Compiling nom v7.1.1
[INFO] [stderr]    Compiling sdl2 v0.35.2
[INFO] [stderr]     Checking color_quant v1.1.0
[INFO] [stderr]     Checking lebe v0.5.1
[INFO] [stderr]    Compiling ffmpeg-next v5.0.3
[INFO] [stderr]     Checking byteorder v1.4.3
[INFO] [stderr]     Checking num-complex v0.4.0
[INFO] [stderr]     Checking num_cpus v1.13.1
[INFO] [stderr]     Checking getrandom v0.2.6
[INFO] [stderr]     Checking flate2 v1.0.23
[INFO] [stderr]     Checking threadpool v1.8.1
[INFO] [stderr]     Checking png v0.17.5
[INFO] [stderr]     Checking nanorand v0.7.0
[INFO] [stderr]     Checking gif v0.11.3
[INFO] [stderr]     Checking scoped_threadpool v0.1.9
[INFO] [stderr]     Checking bytemuck v1.9.1
[INFO] [stderr]     Checking itertools v0.10.3
[INFO] [stderr]     Checking byte-slice-cast v1.2.1
[INFO] [stderr]    Compiling regex v1.5.5
[INFO] [stderr]    Compiling cexpr v0.6.0
[INFO] [stderr]     Checking num v0.4.0
[INFO] [stderr]     Checking jpeg-decoder v0.2.4
[INFO] [stderr]     Checking tiff v0.7.2
[INFO] [stderr]    Compiling pin-project-internal v1.0.10
[INFO] [stderr]    Compiling serde_derive v1.0.136
[INFO] [stderr]     Checking pin-project v1.0.10
[INFO] [stderr]     Checking flume v0.10.12
[INFO] [stderr]     Checking exr v1.4.2
[INFO] [stderr]    Compiling ffmpeg-sys-next v5.0.1
[INFO] [stderr]     Checking serde v1.0.136
[INFO] [stderr]     Checking image v0.24.1
[INFO] [stderr]     Checking toml v0.5.9
[INFO] [stderr]     Checking gradient v0.1.0 (/opt/rustwide/workdir)
[INFO] [stdout] warning: unused imports: `Mul`, `Sub`
[INFO] [stdout]  --> src/bitmap.rs:1:17
[INFO] [stdout]   |
[INFO] [stdout] 1 | use std::{ops::{Sub, Mul}, marker::PhantomData};
[INFO] [stdout]   |                 ^^^  ^^^
[INFO] [stdout]   |
[INFO] [stdout]   = note: `#[warn(unused_imports)]` on by default
[INFO] [stdout] 
[INFO] [stdout] 
[INFO] [stdout] warning: unused imports: `Mul`, `Sub`
[INFO] [stdout]  --> src/bitmap.rs:1:17
[INFO] [stdout]   |
[INFO] [stdout] 1 | use std::{ops::{Sub, Mul}, marker::PhantomData};
[INFO] [stdout]   |                 ^^^  ^^^
[INFO] [stdout]   |
[INFO] [stdout]   = note: `#[warn(unused_imports)]` on by default
[INFO] [stdout] 
[INFO] [stdout] 
[INFO] [stdout] warning: 1 warning emitted
[INFO] [stdout] 
[INFO] [stdout] 
[INFO] [stdout] warning: 1 warning emitted
[INFO] [stdout] 
[INFO] [stdout] 
[INFO] [stdout] error[E0412]: cannot find type `Integrator` in this scope
[INFO] [stdout]    --> src/main.rs:111:140
[INFO] [stdout]     |
[INFO] [stdout] 111 | ...rrent: &mut BitmapRef<'a, RgbU24Layout<0, 1, 2>>, integrator: Integrator, frame_index: usize) {
[INFO] [stdout]     |                                                                  ^^^^^^^^^^
[INFO] [stdout]    --> /rustc/9610dfe5a9a731ced1ea4923ecbd0c57fe367898/library/core/src/iter/traits/iterator.rs:73:1
[INFO] [stdout]     |
[INFO] [stdout]     = note: similarly named trait `Iterator` defined here
[INFO] [stdout]     |
[INFO] [stdout] help: a trait with a similar name exists
[INFO] [stdout]     |
[INFO] [stdout] 111 | pub fn each_btmp_pair<'a>(prev: &mut BitmapRef<'a, RgbU24Layout<0, 1, 2>>, current: &mut BitmapRef<'a, RgbU24Layout<0, 1, 2>>, integrator: Iterator, frame_index: usize) {
[INFO] [stdout]     |                                                                                                                                            ~~~~~~~~
[INFO] [stdout] help: consider importing this struct
[INFO] [stdout]     |
[INFO] [stdout] 3   + use gradient::integrator::Integrator;
[INFO] [stdout]     |
[INFO] [stdout] 
[INFO] [stdout] 
[INFO] [stdout] warning: unused import: `ffmpeg::subtitle::Bitmap`
[INFO] [stdout]  --> src/main.rs:6:5
[INFO] [stdout]   |
[INFO] [stdout] 6 | use ffmpeg::subtitle::Bitmap;
[INFO] [stdout]   |     ^^^^^^^^^^^^^^^^^^^^^^^^
[INFO] [stdout]   |
[INFO] [stdout]   = note: `#[warn(unused_imports)]` on by default
[INFO] [stdout] 
[INFO] [stdout] 
[INFO] [stdout] warning: unused import: `ImageBuffer`
[INFO] [stdout]  --> src/main.rs:9:13
[INFO] [stdout]   |
[INFO] [stdout] 9 | use image::{ImageBuffer, GenericImageView};
[INFO] [stdout]   |             ^^^^^^^^^^^
[INFO] [stdout] 
[INFO] [stdout] 
[INFO] [stdout] warning: unused import: `std::collections::hash_map::DefaultHasher`
[INFO] [stdout]   --> src/main.rs:12:5
[INFO] [stdout]    |
[INFO] [stdout] 12 | use std::collections::hash_map::DefaultHasher;
[INFO] [stdout]    |     ^^^^^^^^^^^^^^^^^^^^^^^^^^^^^^^^^^^^^^^^^
[INFO] [stdout] 
[INFO] [stdout] 
[INFO] [stdout] warning: unused import: `Hash`
[INFO] [stdout]   --> src/main.rs:15:17
[INFO] [stdout]    |
[INFO] [stdout] 15 | use std::hash::{Hash, Hasher};
[INFO] [stdout]    |                 ^^^^
[INFO] [stdout] 
[INFO] [stdout] 
[INFO] [stdout] warning: unused import: `Cursor`
[INFO] [stdout]   --> src/main.rs:16:27
[INFO] [stdout]    |
[INFO] [stdout] 16 | use std::io::{prelude::*, Cursor};
[INFO] [stdout]    |                           ^^^^^^
[INFO] [stdout] 
[INFO] [stdout] 
[INFO] [stdout] error[E0412]: cannot find type `Integrator` in this scope
[INFO] [stdout]    --> src/main.rs:111:140
[INFO] [stdout]     |
[INFO] [stdout] 111 | ...rrent: &mut BitmapRef<'a, RgbU24Layout<0, 1, 2>>, integrator: Integrator, frame_index: usize) {
[INFO] [stdout]     |                                                                  ^^^^^^^^^^
[INFO] [stdout]    --> /rustc/9610dfe5a9a731ced1ea4923ecbd0c57fe367898/library/core/src/iter/traits/iterator.rs:73:1
[INFO] [stdout]     |
[INFO] [stdout]     = note: similarly named trait `Iterator` defined here
[INFO] [stdout]     |
[INFO] [stdout] help: a trait with a similar name exists
[INFO] [stdout]     |
[INFO] [stdout] 111 | pub fn each_btmp_pair<'a>(prev: &mut BitmapRef<'a, RgbU24Layout<0, 1, 2>>, current: &mut BitmapRef<'a, RgbU24Layout<0, 1, 2>>, integrator: Iterator, frame_index: usize) {
[INFO] [stdout]     |                                                                                                                                            ~~~~~~~~
[INFO] [stdout] help: consider importing this struct
[INFO] [stdout]     |
[INFO] [stdout] 3   + use gradient::integrator::Integrator;
[INFO] [stdout]     |
[INFO] [stdout] 
[INFO] [stdout] 
[INFO] [stdout] warning: unused import: `ffmpeg::subtitle::Bitmap`
[INFO] [stdout]  --> src/main.rs:6:5
[INFO] [stdout]   |
[INFO] [stdout] 6 | use ffmpeg::subtitle::Bitmap;
[INFO] [stdout]   |     ^^^^^^^^^^^^^^^^^^^^^^^^
[INFO] [stdout]   |
[INFO] [stdout]   = note: `#[warn(unused_imports)]` on by default
[INFO] [stdout] 
[INFO] [stdout] 
[INFO] [stdout] warning: unused import: `ImageBuffer`
[INFO] [stdout]  --> src/main.rs:9:13
[INFO] [stdout]   |
[INFO] [stdout] 9 | use image::{ImageBuffer, GenericImageView};
[INFO] [stdout]   |             ^^^^^^^^^^^
[INFO] [stdout] 
[INFO] [stdout] 
[INFO] [stdout] warning: unused import: `std::collections::hash_map::DefaultHasher`
[INFO] [stdout]   --> src/main.rs:12:5
[INFO] [stdout]    |
[INFO] [stdout] 12 | use std::collections::hash_map::DefaultHasher;
[INFO] [stdout]    |     ^^^^^^^^^^^^^^^^^^^^^^^^^^^^^^^^^^^^^^^^^
[INFO] [stdout] 
[INFO] [stdout] 
[INFO] [stdout] warning: unused import: `Hash`
[INFO] [stdout]   --> src/main.rs:15:17
[INFO] [stdout]    |
[INFO] [stdout] 15 | use std::hash::{Hash, Hasher};
[INFO] [stdout]    |                 ^^^^
[INFO] [stdout] 
[INFO] [stdout] 
[INFO] [stdout] warning: unused import: `Cursor`
[INFO] [stdout]   --> src/main.rs:16:27
[INFO] [stdout]    |
[INFO] [stdout] 16 | use std::io::{prelude::*, Cursor};
[INFO] [stdout]    |                           ^^^^^^
[INFO] [stdout] 
[INFO] [stdout] 
[INFO] [stdout] error[E0061]: this function takes 4 arguments but 3 arguments were supplied
[INFO] [stdout]    --> src/main.rs:200:17
[INFO] [stdout]     |
[INFO] [stdout] 200 |                 each_btmp_pair(&mut prev_btmp, &mut btmp, frame_index)
[INFO] [stdout]     |                 ^^^^^^^^^^^^^^---------------------------------------- an argument of type `usize` is missing
[INFO] [stdout]     |
[INFO] [stdout] note: function defined here
[INFO] [stdout]    --> src/main.rs:111:8
[INFO] [stdout]     |
[INFO] [stdout] 111 | ...fn each_btmp_pair<'a>(prev: &mut BitmapRef<'a, RgbU24Layout<0, 1, 2>>, current: &mut BitmapRef<'a, RgbU24Layout<0, 1, 2>>, integrator: Integrator, frame_index: usize...
[INFO] [stdout]     |       ^^^^^^^^^^^^^^     -----------------------------------------------  --------------------------------------------------  ----------------------  ------------------
[INFO] [stdout] help: provide the argument
[INFO] [stdout]     |
[INFO] [stdout] 200 |                 each_btmp_pair(&mut prev_btmp, &mut btmp, frame_index, /* usize */)
[INFO] [stdout]     |                               ~~~~~~~~~~~~~~~~~~~~~~~~~~~~~~~~~~~~~~~~~~~~~~~~~~~~~
[INFO] [stdout] 
[INFO] [stdout] 
[INFO] [stdout] warning: unused import: `Hasher`
[INFO] [stdout]   --> src/main.rs:15:23
[INFO] [stdout]    |
[INFO] [stdout] 15 | use std::hash::{Hash, Hasher};
[INFO] [stdout]    |                       ^^^^^^
[INFO] [stdout] 
[INFO] [stdout] 
[INFO] [stdout] warning: unused import: `GenericImageView`
[INFO] [stdout]  --> src/main.rs:9:26
[INFO] [stdout]   |
[INFO] [stdout] 9 | use image::{ImageBuffer, GenericImageView};
[INFO] [stdout]   |                          ^^^^^^^^^^^^^^^^
[INFO] [stdout] 
[INFO] [stdout] 
[INFO] [stdout] error: aborting due to 2 previous errors; 7 warnings emitted
[INFO] [stdout] 
[INFO] [stdout] 
[INFO] [stdout] Some errors have detailed explanations: E0061, E0412.
[INFO] [stdout] 
[INFO] [stdout] For more information about an error, try `rustc --explain E0061`.
[INFO] [stdout] 
[INFO] [stdout] error[E0061]: this function takes 4 arguments but 3 arguments were supplied
[INFO] [stdout]    --> src/main.rs:200:17
[INFO] [stdout]     |
[INFO] [stdout] 200 |                 each_btmp_pair(&mut prev_btmp, &mut btmp, frame_index)
[INFO] [stdout]     |                 ^^^^^^^^^^^^^^---------------------------------------- an argument of type `usize` is missing
[INFO] [stdout]     |
[INFO] [stdout] note: function defined here
[INFO] [stdout]    --> src/main.rs:111:8
[INFO] [stdout]     |
[INFO] [stdout] 111 | ...fn each_btmp_pair<'a>(prev: &mut BitmapRef<'a, RgbU24Layout<0, 1, 2>>, current: &mut BitmapRef<'a, RgbU24Layout<0, 1, 2>>, integrator: Integrator, frame_index: usize...
[INFO] [stdout]     |       ^^^^^^^^^^^^^^     -----------------------------------------------  --------------------------------------------------  ----------------------  ------------------
[INFO] [stdout] help: provide the argument
[INFO] [stdout]     |
[INFO] [stdout] 200 |                 each_btmp_pair(&mut prev_btmp, &mut btmp, frame_index, /* usize */)
[INFO] [stdout]     |                               ~~~~~~~~~~~~~~~~~~~~~~~~~~~~~~~~~~~~~~~~~~~~~~~~~~~~~
[INFO] [stdout] 
[INFO] [stdout] 
[INFO] [stdout] warning: unused import: `Hasher`
[INFO] [stdout]   --> src/main.rs:15:23
[INFO] [stdout]    |
[INFO] [stdout] 15 | use std::hash::{Hash, Hasher};
[INFO] [stdout]    |                       ^^^^^^
[INFO] [stdout] 
[INFO] [stdout] 
[INFO] [stdout] warning: unused import: `GenericImageView`
[INFO] [stdout]  --> src/main.rs:9:26
[INFO] [stdout]   |
[INFO] [stdout] 9 | use image::{ImageBuffer, GenericImageView};
[INFO] [stdout]   |                          ^^^^^^^^^^^^^^^^
[INFO] [stdout] 
[INFO] [stdout] 
[INFO] [stderr] error: could not compile `gradient` (bin "gradient") due to 3 previous errors; 7 warnings emitted
[INFO] [stderr] warning: build failed, waiting for other jobs to finish...
[INFO] [stdout] error: aborting due to 2 previous errors; 7 warnings emitted
[INFO] [stdout] 
[INFO] [stdout] 
[INFO] [stdout] Some errors have detailed explanations: E0061, E0412.
[INFO] [stdout] 
[INFO] [stdout] For more information about an error, try `rustc --explain E0061`.
[INFO] [stdout] 
[INFO] [stderr] error: could not compile `gradient` (bin "gradient" test) due to 3 previous errors; 7 warnings emitted
[INFO] running `Command { std: "docker" "inspect" "e1e9ac84df02de00e0602abd0afdddac56d5ef240ab9e16a1c53225f2c6e4b45", kill_on_drop: false }`
[INFO] running `Command { std: "docker" "rm" "-f" "e1e9ac84df02de00e0602abd0afdddac56d5ef240ab9e16a1c53225f2c6e4b45", kill_on_drop: false }`
[INFO] [stdout] e1e9ac84df02de00e0602abd0afdddac56d5ef240ab9e16a1c53225f2c6e4b45
